ts digit of i?
1
Let z = -3 - -7. Let g = 6 - z. Suppose 0 = 3*m + g*m - 35. What is the units digit of m?
7
Let g(z) = -z**2 + 8*z - 6. Let t be g(5). Let u be (-2)/(-6)*t/1. Suppose u*o = -o + 40. What is the tens digit of o?
1
Let l(d) = -8*d - 70. What is the tens digit of l(-22)?
0
Suppose 3*z - 60 = 60. What is the units digit of z?
0
Let f(z) = z**3 + 11*z**2 + 17*z + 12. What is the tens digit of f(-9)?
2
Suppose 4*h - 46 = 2*c + 118, -82 = -2*h + 5*c. Suppose -k + 15 - 5 = q, 3*k - h = -4*q. What is the units digit of q?
1
What is the hundreds digit of (-8)/(-5)*435/6?
1
Let h(q) = -7*q + 17. What is the units digit of h(-9)?
0
Suppose -30 = -2*v - 4*a + 2*a, 2*v = 5*a + 30. What is the units digit of v?
5
Let i = -8 - -14. Suppose 4*s = -4*d + 8, i*s = s - 2*d + 16. Suppose -4*j + 49 = 5*t, s*j - 3*j + 4 = 2*t. What is the units digit of j?
6
Suppose -15 = -4*m - m. What is the units digit of (m - 5)/((-4)/14)?
7
Let z(u) = 4*u**2 + 3*u - 1. Let r be z(2). Let c be (-951)/21 - (-6)/r. What is the units digit of (-1)/(-2) + c/(-6)?
8
Suppose 5*v = 5*s - 30, 0*s - s + 2 = 3*v. Let a = -1 - v. Let r = a + 3. What is the units digit of r?
3
Suppose -5*c = 4*n - 407, 4*c + 2*n - 301 = 7*n. What is the tens digit of c?
7
Suppose -5*t - 15 = 0, 4*t + 11 = -o + 1. Suppose -7*l = -3*l. Let j = l + o. What is the units digit of j?
2
Let s = -48 + 75. Suppose 0 = -2*j + 15 + s. What is the units digit of j?
1
What is the tens digit of 10/(-5) + -2 + 77?
7
Let q(f) = -f**2 - 5*f - 6. Let t be q(-6). Let a = t + 22. What is the tens digit of a?
1
Suppose 199 = 8*m - 185. What is the units digit of m?
8
Let y(m) = -m**3 + 2*m**2 + 3*m - 2. Suppose -8 = 2*i - 2. What is the tens digit of y(i)?
3
Suppose -4*u = -10*u + 24. Suppose 5*g = 5*d + 95 + 115, -186 = -u*g - 2*d. What is the tens digit of g?
4
Suppose 6 = 3*p - 0*p. Suppose 16 = c + 4*q, 0 = 5*c - q + p*q - 118. What is the units digit of c?
4
Let v be -1 - 0 - (-1 + 2). What is the tens digit of (-1)/v - (-23)/2?
1
Let a be ((-408)/(-10))/(6/20). Suppose -5*i + a = -4. What is the units digit of i?
8
Let z(o) = o**3 - 9*o**2 + 5*o - 17. What is the tens digit of z(9)?
2
Suppose 6 = 6*v - 3*v. Suppose -3*o = v*o - 60. What is the tens digit of o?
1
Let r be 3*(-30)/27*-6. What is the units digit of 2*1/(2/r)?
0
Let q(u) = -2*u - 14. What is the units digit of q(-8)?
2
Suppose -5*h + 8 + 12 = 0. Suppose -3*f + 7 = -h*n, 5*f - 4 - 17 = 2*n. What is the units digit of f?
5
Suppose -2*t - 56 = -216. What is the tens digit of t?
8
Suppose -5*g + 19 = -6. Suppose -4*o + 3*o = -g. Let q = o - 2. What is the units digit of q?
3
Let b be (-9)/6*(-84)/9. Suppose b + 0 = u. What is the tens digit of u?
1
Suppose 0 = s - 3 - 10. Suppose -s - 2 = -3*x. Suppose x*n + 13 - 58 = 0. What is the units digit of n?
9
Suppose 3*p - 2*n - 63 = 6, 5*n = -5*p + 140. Let u = p + 6. What is the tens digit of u?
3
What is the tens digit of (-8)/14 + (-1590)/(-14)?
1
Suppose 3 = -3*c, -d + 3*c = -33 - 17. What is the units digit of d?
7
Let c(s) = -8*s + 20. What is the tens digit of c(-17)?
5
Let h = -22 + 25. Suppose 4*k + 0*k = 5*t - 205, -15 = h*k. What is the tens digit of t?
3
Let g(o) be the third derivative of o**4/6 - o**3/2 + o**2. What is the tens digit of g(4)?
1
Let k be 9 + -12 - 37*-2. Let h = -34 + k. What is the units digit of h?
7
What is the units digit of 1815/44 - (-2)/(-8)?
1
Let y(x) be the first derivative of -x**2/2 + 13*x - 2. Let c be y(0). Suppose 0 = 2*d + 2*o - 12, 17 = 5*d + 3*o - c. What is the units digit of d?
6
Suppose 5*k = -22 - 13. Let m = k + 12. Suppose m*r - 3*t = t + 44, 15 = 2*r + t. What is the units digit of r?
8
Let h be (-5)/(45/192)*-3. Suppose -b - 3*b = -h. What is the units digit of b?
6
Suppose 3*t = 2*t + 12. Let k(n) = 17*n + 3. Let f be k(1). Let i = f - t. What is the units digit of i?
8
Suppose 0*w + 6 = 2*w. Suppose -3*c - 3*g = -4 - 53, -w*c - g = -49. What is the tens digit of c?
1
Let l be 4/6*(-108)/(-8). Let q be 3/l*(-18)/(-3). Suppose -2 = 5*z + 3*t, 16 = 2*z + q*t - 5*t. What is the units digit of z?
2
Let l = -44 - -85. What is the units digit of l?
1
Suppose 5*d - 10 = 20. Let q(z) = -z + 10. What is the units digit of q(d)?
4
Let h = 3 + 25. Let b = -19 + h. What is the units digit of b?
9
Let g = 31 - -31. Let v = 92 - g. What is the tens digit of v?
3
Let q(m) = m**3 + 12*m**2 - 6*m + 24. What is the hundreds digit of q(-8)?
3
Suppose -q + 2*q - 3 = 0. Let w be (2/q)/((-2)/(-12)). Suppose -3*r - 43 = -5*m, -2*m - 5*r = -w - 7. What is the units digit of m?
8
Let y = 17 - 11. Suppose 4*t = t + y. What is the units digit of t?
2
Let b = -12 - -4. Suppose -7*o + 3*o = 344. What is the tens digit of o/(-8) - 2/b?
1
Suppose -5*w + 383 = 3*b, w - 60 = -4*b + 20. Suppose 3*c - w = -c. What is the units digit of c?
9
Let p(h) = 2*h**2 + 1 - 2*h**2 + h + 0*h**2 + 5*h**2. What is the units digit of p(-2)?
9
Let l(w) = 5*w**2 + 7*w - 4 - w**3 - 4 + 3. Suppose -h + 10 = 4. What is the units digit of l(h)?
1
What is the units digit of (-321)/(-6) - (-3)/(-2)?
2
Let o(g) = 15*g**2 - 2*g. What is the units digit of o(1)?
3
Suppose 3*m = 3*c, -c - 3*m = 2*c - 24. Let q = 5 + c. What is the units digit of q?
9
Suppose 0 = c - 5*c - z + 19, -4*c = -4*z - 24. Suppose -4*q + 3*f - 1 = -2*f, f - c = 0. Let t = 8 - q. What is the units digit of t?
2
Let f be (-1 - 5/(-2))*-2. Suppose 0 = 3*z + 2*k + 6, 4*z - k = -0*z - 19. Let g = f - z. What is the units digit of g?
1
Suppose -u = -195 - 5. What is the hundreds digit of u?
2
Suppose 5*d + 3*v - 42 = 2*d, 3*v = 2*d - 3. Let r = 17 - d. What is the units digit of r?
8
Let v(a) = -a**3 - a**2. Let m be v(-2). Let n(w) = -4 - w + 2*w**2 + w**3 + 2*w - m*w**2. What is the units digit of n(3)?
8
What is the units digit of (-2 - -37) + (-3 - -7)?
9
Let c(g) = -g**2 - 3*g - 1. Let z be c(-3). Let s be z - (-3 - 3*-2). What is the units digit of (6/s)/(3/(-4))?
2
Suppose -216 = -4*h - 3*s - 2*s, 3*h = -3*s + 162. What is the units digit of h?
4
Let x = -9 - -22. What is the units digit of x?
3
Let j be (1 - (-2 + 3))*1. Suppose j*x - 60 = -4*x. What is the units digit of x?
5
Let x(h) = h**3 + 3*h**2 - h + 3. Let l be x(-4). Let k be (2 - 1)/(2/42). What is the units digit of (-4)/(-6) - k/l?
3
Let m(k) = -k**3 + 7*k**2 - 5*k - 5. What is the units digit of m(6)?
1
Suppose 4*n = -y + 6, 2*y - 3*n + 5 = 3*y. What is the units digit of 17 + 0*y/(-6)?
7
Let l(h) = 2*h + 2. Let c be l(2). Suppose 0 = -3*r - c - 12. What is the units digit of -4 + 5 - (r + 1)?
6
Let b be (25/10)/(1/2). Let f be (-3)/(15/(-2))*b. Suppose f*p = 5*c - 66, -2*p = 5*c - 9 - 45. What is the tens digit of c?
1
Let w be 30/4 + 6/4. Suppose -5*x + w = 2*a - 4*x, -5*x = 4*a - 9. What is the units digit of a?
6
Let r be 0/(2 + -3 - 1). Suppose -4*v = -4*j + 28, -j + r*v - v = -3. Let l = -3 + j. What is the units digit of l?
2
Suppose 0 = -2*b - 2*b + 64. Suppose 3*t - 4*t = -b. What is the units digit of t?
6
Suppose 21*a = 8850 - 2571. What is the hundreds digit of a?
2
Let n(x) = -x**2 - 15*x - 17. Let d be n(-13). Suppose 0 = -0*w + w - d. Suppose 0*r - r = -w. What is the units digit of r?
9
What is the tens digit of (0 + (-4)/(-4))*22?
2
Let g(i) = -i**3 - 8*i**2 - 5*i + 10. Let d be g(-7). Let n(r) = r**3 + 3*r**2 - 6*r - 1. Let l be n(-4). Let v = l + d. What is the units digit of v?
3
Let c(x) = x**3 + 23*x**2 - 3*x - 25. What is the units digit of c(-23)?
4
Suppose -45 = -9*b + 63. What is the tens digit of b?
1
Suppose -4*k = -9 - 3. Suppose 3*a = -k*r + 39, 4*r + 5*a = 1 + 51. What is the units digit of r?
3
Let b = 7 + -2. Suppose -5*g - 25 - 4 = -l, b*l - 15 = -g. Suppose 8 = -2*v - l*t, v - 2*t - t = 21. What is the units digit of v?
6
Suppose -4*t + 175 - 31 = 0. What is the tens digit of t?
3
Suppose 0 = b - j - 2 - 2, 3*j = -5*b + 52. Suppose -q = -4 - b. Suppose 5*h = 3*h + q. What is the units digit of h?
6
Let m be 63/15 - 2/10. Suppose 2*k = 0, -120 = -q - 3*q - m*k. Suppose 0*v = -3*v + q. What is the units digit of v?
0
Let b(w) = 5*w**2 + 2*w + 1. Let c be b(-1). Suppose c*x + 2*v - 18 = 4*v, 4*x = 5*v + 21. What is the units digit of x?
4
Let w = -11 + 4. Let z(l) = 2*l - 2. Let d be z(-5). Let v = w - d. What is the units digit o